{"id":2102,"date":"2023-05-02T13:47:29","date_gmt":"2023-05-02T11:47:29","guid":{"rendered":"https:\/\/multisite.mindd.dev\/hap-maastricht\/?post_type=faq&#038;p=2102"},"modified":"2025-07-10T09:56:05","modified_gmt":"2025-07-10T07:56:05","slug":"yo-no-tengo-transporte-puede-el-doctor-venir-a-mi","status":"publish","type":"faq","link":"https:\/\/hapmaastricht.nl\/es\/preguntas-frecuentes\/yo-no-tengo-transporte-puede-el-doctor-venir-a-mi\/","title":{"rendered":"No tengo transporte, \u00bfpuede venir el m\u00e9dico a verme?"},"content":{"rendered":"\n<p>No. El hecho de no tener transporte no es una raz\u00f3n para enviar al m\u00e9dico de urgencias de guardia. Los pacientes deben proporcionar su propio medio de transporte. Solo cuando el transporte no es posible por razones m\u00e9dicas, el m\u00e9dico de guardia acude a su domicilio.<\/p>\n","protected":false},"excerpt":{"rendered":"<p>No. No tener transporte no es motivo para enviar al m\u00e9dico de urgencias de guardia. Los pacientes deben proporcionar el transporte ellos mismos. El m\u00e9dico de guardia solo regresar\u00e1 a casa cuando el transporte no sea posible por razones m\u00e9dicas.<\/p>\n","protected":false},"menu_order":91,"template":"","meta":{"_acf_changed":false,"_trash_the_other_posts":false,"editor_notices":[],"footnotes":""},"question_type":[46],"class_list":["post-2102","faq","type-faq","status-publish","hentry","question_type-visita-del-medico-de-cabecera-de-turno"],"acf":[],"yoast_head":"<!-- This site is optimized with the Yoast SEO plugin v26.6 - https:\/\/yoast.com\/wordpress\/plugins\/seo\/ -->\n<title>No tengo transporte, \u00bfpuede venir el m\u00e9dico a verme? - Puesto de emergencia m\u00e9dico de cabecera Maastricht<\/title>\n<meta name=\"robots\" content=\"index, follow, max-snippet:-1, max-image-preview:large, max-video-preview:-1\" \/>\n<link rel=\"canonical\" href=\"https:\/\/hapmaastricht.nl\/es\/preguntas-frecuentes\/no-tengo-transporte-puede-venir-el-medico\/\" \/>\n<meta property=\"og:locale\" content=\"es_ES\" \/>\n<meta property=\"og:type\" content=\"article\" \/>\n<meta property=\"og:title\" content=\"No tengo transporte, \u00bfpuede venir el m\u00e9dico a verme? - Puesto de emergencia m\u00e9dico de cabecera Maastricht\" \/>\n<meta property=\"og:description\" content=\"No. No tener transporte no es motivo para enviar al m\u00e9dico de urgencias de guardia. Los pacientes deben proporcionar el transporte ellos mismos. El m\u00e9dico de guardia solo regresar\u00e1 a casa cuando el transporte no sea posible por razones m\u00e9dicas.\" \/>\n<meta property=\"og:url\" content=\"https:\/\/hapmaastricht.nl\/es\/preguntas-frecuentes\/no-tengo-transporte-puede-venir-el-medico\/\" \/>\n<meta property=\"og:site_name\" content=\"Puesto de emergencia m\u00e9dico de cabecera Maastricht\" \/>\n<meta property=\"article:modified_time\" content=\"2025-07-10T07:56:05+00:00\" \/>\n<meta name=\"twitter:card\" content=\"summary_large_image\" \/>\n<meta name=\"twitter:label1\" content=\"Tiempo de lectura\" \/>\n\t<meta name=\"twitter:data1\" content=\"1 minuto\" \/>\n<script type=\"application\/ld+json\" class=\"yoast-schema-graph\">{\"@context\":\"https:\/\/schema.org\",\"@graph\":[{\"@type\":\"WebPage\",\"@id\":\"https:\/\/hapmaastricht.nl\/es\/preguntas-frecuentes\/no-tengo-transporte-puede-venir-el-medico\/\",\"url\":\"https:\/\/hapmaastricht.nl\/es\/preguntas-frecuentes\/no-tengo-transporte-puede-venir-el-medico\/\",\"name\":\"No tengo transporte, \u00bfpuede venir el m\u00e9dico a verme? - Puesto de emergencia m\u00e9dico de cabecera Maastricht\",\"isPartOf\":{\"@id\":\"https:\/\/hapmaastricht.nl\/es\/#website\"},\"datePublished\":\"2023-05-02T11:47:29+00:00\",\"dateModified\":\"2025-07-10T07:56:05+00:00\",\"breadcrumb\":{\"@id\":\"https:\/\/hapmaastricht.nl\/es\/preguntas-frecuentes\/no-tengo-transporte-puede-venir-el-medico\/#breadcrumb\"},\"inLanguage\":\"es\",\"potentialAction\":[{\"@type\":\"ReadAction\",\"target\":[\"https:\/\/hapmaastricht.nl\/es\/preguntas-frecuentes\/no-tengo-transporte-puede-venir-el-medico\/\"]}]},{\"@type\":\"BreadcrumbList\",\"@id\":\"https:\/\/hapmaastricht.nl\/es\/preguntas-frecuentes\/no-tengo-transporte-puede-venir-el-medico\/#breadcrumb\",\"itemListElement\":[{\"@type\":\"ListItem\",\"position\":1,\"name\":\"Home\",\"item\":\"https:\/\/hapmaastricht.nl\/es\/\"},{\"@type\":\"ListItem\",\"position\":2,\"name\":\"FAQs\",\"item\":\"https:\/\/hapmaastricht.nl\/es\/preguntas-frecuentes\/\"},{\"@type\":\"ListItem\",\"position\":3,\"name\":\"No dispongo de transporte, \u00bfpuede venir el m\u00e9dico?\"}]},{\"@type\":\"WebSite\",\"@id\":\"https:\/\/hapmaastricht.nl\/es\/#website\",\"url\":\"https:\/\/hapmaastricht.nl\/es\/\",\"name\":\"Puesto de emergencia m\u00e9dico de cabecera Maastricht\",\"description\":\"\",\"potentialAction\":[{\"@type\":\"SearchAction\",\"target\":{\"@type\":\"EntryPoint\",\"urlTemplate\":\"https:\/\/hapmaastricht.nl\/es\/?s={search_term_string}\"},\"query-input\":{\"@type\":\"PropertyValueSpecification\",\"valueRequired\":true,\"valueName\":\"search_term_string\"}}],\"inLanguage\":\"es\"}]}<\/script>\n<!-- \/ Yoast SEO plugin. -->","yoast_head_json":{"title":"No tengo transporte, \u00bfpuede venir el m\u00e9dico a verme? - Puesto de emergencia m\u00e9dico de cabecera Maastricht","robots":{"index":"index","follow":"follow","max-snippet":"max-snippet:-1","max-image-preview":"max-image-preview:large","max-video-preview":"max-video-preview:-1"},"canonical":"https:\/\/hapmaastricht.nl\/es\/preguntas-frecuentes\/no-tengo-transporte-puede-venir-el-medico\/","og_locale":"es_ES","og_type":"article","og_title":"No tengo transporte, \u00bfpuede venir el m\u00e9dico a verme? - Puesto de emergencia m\u00e9dico de cabecera Maastricht","og_description":"No. No tener transporte no es motivo para enviar al m\u00e9dico de urgencias de guardia. Los pacientes deben proporcionar el transporte ellos mismos. El m\u00e9dico de guardia solo regresar\u00e1 a casa cuando el transporte no sea posible por razones m\u00e9dicas.","og_url":"https:\/\/hapmaastricht.nl\/es\/preguntas-frecuentes\/no-tengo-transporte-puede-venir-el-medico\/","og_site_name":"Puesto de emergencia m\u00e9dico de cabecera Maastricht","article_modified_time":"2025-07-10T07:56:05+00:00","twitter_card":"summary_large_image","twitter_misc":{"Tiempo de lectura":"1 minuto"},"schema":{"@context":"https:\/\/schema.org","@graph":[{"@type":"WebPage","@id":"https:\/\/hapmaastricht.nl\/es\/preguntas-frecuentes\/no-tengo-transporte-puede-venir-el-medico\/","url":"https:\/\/hapmaastricht.nl\/es\/preguntas-frecuentes\/no-tengo-transporte-puede-venir-el-medico\/","name":"No tengo transporte, \u00bfpuede venir el m\u00e9dico a verme? - Puesto de emergencia m\u00e9dico de cabecera Maastricht","isPartOf":{"@id":"https:\/\/hapmaastricht.nl\/es\/#website"},"datePublished":"2023-05-02T11:47:29+00:00","dateModified":"2025-07-10T07:56:05+00:00","breadcrumb":{"@id":"https:\/\/hapmaastricht.nl\/es\/preguntas-frecuentes\/no-tengo-transporte-puede-venir-el-medico\/#breadcrumb"},"inLanguage":"es","potentialAction":[{"@type":"ReadAction","target":["https:\/\/hapmaastricht.nl\/es\/preguntas-frecuentes\/no-tengo-transporte-puede-venir-el-medico\/"]}]},{"@type":"BreadcrumbList","@id":"https:\/\/hapmaastricht.nl\/es\/preguntas-frecuentes\/no-tengo-transporte-puede-venir-el-medico\/#breadcrumb","itemListElement":[{"@type":"ListItem","position":1,"name":"Home","item":"https:\/\/hapmaastricht.nl\/es\/"},{"@type":"ListItem","position":2,"name":"FAQs","item":"https:\/\/hapmaastricht.nl\/es\/preguntas-frecuentes\/"},{"@type":"ListItem","position":3,"name":"No dispongo de transporte, \u00bfpuede venir el m\u00e9dico?"}]},{"@type":"WebSite","@id":"https:\/\/hapmaastricht.nl\/es\/#website","url":"https:\/\/hapmaastricht.nl\/es\/","name":"Puesto de emergencia m\u00e9dico de cabecera Maastricht","description":"","potentialAction":[{"@type":"SearchAction","target":{"@type":"EntryPoint","urlTemplate":"https:\/\/hapmaastricht.nl\/es\/?s={search_term_string}"},"query-input":{"@type":"PropertyValueSpecification","valueRequired":true,"valueName":"search_term_string"}}],"inLanguage":"es"}]}},"_links":{"self":[{"href":"https:\/\/hapmaastricht.nl\/es\/wp-json\/wp\/v2\/faq\/2102","targetHints":{"allow":["GET"]}}],"collection":[{"href":"https:\/\/hapmaastricht.nl\/es\/wp-json\/wp\/v2\/faq"}],"about":[{"href":"https:\/\/hapmaastricht.nl\/es\/wp-json\/wp\/v2\/types\/faq"}],"version-history":[{"count":1,"href":"https:\/\/hapmaastricht.nl\/es\/wp-json\/wp\/v2\/faq\/2102\/revisions"}],"predecessor-version":[{"id":9210,"href":"https:\/\/hapmaastricht.nl\/es\/wp-json\/wp\/v2\/faq\/2102\/revisions\/9210"}],"wp:attachment":[{"href":"https:\/\/hapmaastricht.nl\/es\/wp-json\/wp\/v2\/media?parent=2102"}],"wp:term":[{"taxonomy":"question_type","embeddable":true,"href":"https:\/\/hapmaastricht.nl\/es\/wp-json\/wp\/v2\/question_type?post=2102"}],"curies":[{"name":"wp","href":"https:\/\/api.w.org\/{rel}","templated":true}]}}

No tengo transporte, ¿puede venir el médico a verme?

<p>No. El hecho de no tener transporte no es una razón para enviar al médico de urgencias de guardia. Los pacientes deben proporcionar su propio medio de transporte. Solo cuando el transporte no es posible por razones médicas, el médico de guardia acude a su domicilio.</p>

<p>No. No tener transporte no es motivo para enviar al médico de urgencias de guardia. Los pacientes deben proporcionar el transporte ellos mismos. El médico de guardia solo regresará a casa cuando el transporte no sea posible por razones médicas.</p>

<!-- This site is optimized with the Yoast SEO plugin v26.6 - https://yoast.com/wordpress/plugins/seo/ -->
<title>No tengo transporte, ¿puede venir el médico a verme? - Puesto de emergencia médico de cabecera Maastricht</title>
<meta name="robots" content="index, follow, max-snippet:-1, max-image-preview:large, max-video-preview:-1" />
<link rel="canonical" href="https://hapmaastricht.nl/es/preguntas-frecuentes/no-tengo-transporte-puede-venir-el-medico/" />
<meta property="og:locale" content="es_ES" />
<meta property="og:type" content="article" />
<meta property="og:title" content="No tengo transporte, ¿puede venir el médico a verme? - Puesto de emergencia médico de cabecera Maastricht" />
<meta property="og:description" content="No. No tener transporte no es motivo para enviar al médico de urgencias de guardia. Los pacientes deben proporcionar el transporte ellos mismos. El médico de guardia solo regresará a casa cuando el transporte no sea posible por razones médicas." />
<meta property="og:url" content="https://hapmaastricht.nl/es/preguntas-frecuentes/no-tengo-transporte-puede-venir-el-medico/" />
<meta property="og:site_name" content="Puesto de emergencia médico de cabecera Maastricht" />
<meta property="article:modified_time" content="2025-07-10T07:56:05+00:00" />
<meta name="twitter:card" content="summary_large_image" />
<meta name="twitter:label1" content="Tiempo de lectura" />
	<meta name="twitter:data1" content="1 minuto" />
<script type="application/ld+json" class="yoast-schema-graph">{"@context":"https://schema.org","@graph":[{"@type":"WebPage","@id":"https://hapmaastricht.nl/es/preguntas-frecuentes/no-tengo-transporte-puede-venir-el-medico/","url":"https://hapmaastricht.nl/es/preguntas-frecuentes/no-tengo-transporte-puede-venir-el-medico/","name":"No tengo transporte, ¿puede venir el médico a verme? - Puesto de emergencia médico de cabecera Maastricht","isPartOf":{"@id":"https://hapmaastricht.nl/es/#website"},"datePublished":"2023-05-02T11:47:29+00:00","dateModified":"2025-07-10T07:56:05+00:00","breadcrumb":{"@id":"https://hapmaastricht.nl/es/preguntas-frecuentes/no-tengo-transporte-puede-venir-el-medico/#breadcrumb"},"inLanguage":"es","potentialAction":[{"@type":"ReadAction","target":["https://hapmaastricht.nl/es/preguntas-frecuentes/no-tengo-transporte-puede-venir-el-medico/"]}]},{"@type":"BreadcrumbList","@id":"https://hapmaastricht.nl/es/preguntas-frecuentes/no-tengo-transporte-puede-venir-el-medico/#breadcrumb","itemListElement":[{"@type":"ListItem","position":1,"name":"Home","item":"https://hapmaastricht.nl/es/"},{"@type":"ListItem","position":2,"name":"FAQs","item":"https://hapmaastricht.nl/es/preguntas-frecuentes/"},{"@type":"ListItem","position":3,"name":"No dispongo de transporte, ¿puede venir el médico?"}]},{"@type":"WebSite","@id":"https://hapmaastricht.nl/es/#website","url":"https://hapmaastricht.nl/es/","name":"Puesto de emergencia médico de cabecera Maastricht","description":"","potentialAction":[{"@type":"SearchAction","target":{"@type":"EntryPoint","urlTemplate":"https://hapmaastricht.nl/es/?s={search_term_string}"},"query-input":{"@type":"PropertyValueSpecification","valueRequired":true,"valueName":"search_term_string"}}],"inLanguage":"es"}]}</script>
<!-- / Yoast SEO plugin. -->

No tengo transporte, ¿puede venir el médico a verme? - Puesto de emergencia médico de cabecera Maastricht

No. No tener transporte no es motivo para enviar al médico de urgencias de guardia. Los pacientes deben proporcionar el transporte ellos mismos. El médico de guardia solo regresará a casa cuando el transporte no sea posible por razones médicas.

Puesto de emergencia médico de cabecera Maastricht

No dispongo de transporte, ¿puede venir el médico?
