{"id":2110,"date":"2023-05-02T13:55:28","date_gmt":"2023-05-02T11:55:28","guid":{"rendered":"https:\/\/multisite.mindd.dev\/hap-maastricht\/?post_type=faq&#038;p=2110"},"modified":"2025-07-10T09:55:55","modified_gmt":"2025-07-10T07:55:55","slug":"nar-kan-doktorn-kora-med-blinkande-ljus-och-siren","status":"publish","type":"faq","link":"https:\/\/hapmaastricht.nl\/sv\/vanliga-fr\u00e5gor\/nar-kan-doktorn-kora-med-blinkande-ljus-och-siren\/","title":{"rendered":"N\u00e4r kan husl\u00e4karen k\u00f6ra med blinkande ljus och sirener?"},"content":{"rendered":"\n<p>F\u00f6rarna av den tj\u00e4nstg\u00f6rande l\u00e4karen kan anv\u00e4nda blinkande ljus och siren om det finns en n\u00f6dk\u00f6rning i en livshotande situation. Detta inneb\u00e4r en resa d\u00e4r allm\u00e4nl\u00e4karen m\u00e5ste vara med en patient s\u00e5 snabbt som m\u00f6jligt. I princip anv\u00e4nds en tid p\u00e5 15 minuter, precis som f\u00f6r ambulanser.<\/p>\n","protected":false},"excerpt":{"rendered":"<p>F\u00f6rarna till den vaktande l\u00e4karen kan anv\u00e4nda blinkande lampor och sirener om det finns en n\u00f6dresa i h\u00e4ndelse av en livshotande situation. Detta inneb\u00e4r en resa d\u00e4r l\u00e4karen beh\u00f6ver komma till en patient s\u00e5 snart som m\u00f6jligt. I princip, precis som f\u00f6r ambulanser, anv\u00e4nds en tid p\u00e5 15 minuter.<\/p>\n","protected":false},"menu_order":277,"template":"","meta":{"_acf_changed":false,"_trash_the_other_posts":false,"editor_notices":[],"footnotes":""},"question_type":[46],"class_list":["post-2110","faq","type-faq","status-publish","hentry","question_type-besok-av-jourhavande-huslakare"],"acf":[],"yoast_head":"<!-- This site is optimized with the Yoast SEO plugin v26.6 - https:\/\/yoast.com\/wordpress\/plugins\/seo\/ -->\n<title>N\u00e4r kan husl\u00e4karen k\u00f6ra med blinkande ljus och sirener? - L\u00e4karens akutpost Maastricht<\/title>\n<meta name=\"robots\" content=\"index, follow, max-snippet:-1, max-image-preview:large, max-video-preview:-1\" \/>\n<link rel=\"canonical\" href=\"https:\/\/hapmaastricht.nl\/sv\/vanliga-fr\u00e5gor\/nar-lakaren-kan-kora-med-blinkande-fyr-och-siren\/\" \/>\n<meta property=\"og:locale\" content=\"sv_SE\" \/>\n<meta property=\"og:type\" content=\"article\" \/>\n<meta property=\"og:title\" content=\"N\u00e4r kan husl\u00e4karen k\u00f6ra med blinkande ljus och sirener? - L\u00e4karens akutpost Maastricht\" \/>\n<meta property=\"og:description\" content=\"F\u00f6rarna till den vaktande l\u00e4karen kan anv\u00e4nda blinkande lampor och sirener om det finns en n\u00f6dresa i h\u00e4ndelse av en livshotande situation. Detta inneb\u00e4r en resa d\u00e4r l\u00e4karen beh\u00f6ver komma till en patient s\u00e5 snart som m\u00f6jligt. I princip, precis som f\u00f6r ambulanser, anv\u00e4nds en tid p\u00e5 15 minuter.\" \/>\n<meta property=\"og:url\" content=\"https:\/\/hapmaastricht.nl\/sv\/vanliga-fr\u00e5gor\/nar-lakaren-kan-kora-med-blinkande-fyr-och-siren\/\" \/>\n<meta property=\"og:site_name\" content=\"L\u00e4karens akutpost Maastricht\" \/>\n<meta property=\"article:modified_time\" content=\"2025-07-10T07:55:55+00:00\" \/>\n<meta name=\"twitter:card\" content=\"summary_large_image\" \/>\n<meta name=\"twitter:label1\" content=\"Ber\u00e4knad l\u00e4stid\" \/>\n\t<meta name=\"twitter:data1\" content=\"1 minut\" \/>\n<script type=\"application\/ld+json\" class=\"yoast-schema-graph\">{\"@context\":\"https:\/\/schema.org\",\"@graph\":[{\"@type\":\"WebPage\",\"@id\":\"https:\/\/hapmaastricht.nl\/sv\/vanliga-fr\u00e5gor\/nar-lakaren-kan-kora-med-blinkande-fyr-och-siren\/\",\"url\":\"https:\/\/hapmaastricht.nl\/sv\/vanliga-fr\u00e5gor\/nar-lakaren-kan-kora-med-blinkande-fyr-och-siren\/\",\"name\":\"N\u00e4r kan husl\u00e4karen k\u00f6ra med blinkande ljus och sirener? - L\u00e4karens akutpost Maastricht\",\"isPartOf\":{\"@id\":\"https:\/\/hapmaastricht.nl\/sv\/#website\"},\"datePublished\":\"2023-05-02T11:55:28+00:00\",\"dateModified\":\"2025-07-10T07:55:55+00:00\",\"breadcrumb\":{\"@id\":\"https:\/\/hapmaastricht.nl\/sv\/vanliga-fr\u00e5gor\/nar-lakaren-kan-kora-med-blinkande-fyr-och-siren\/#breadcrumb\"},\"inLanguage\":\"sv-SE\",\"potentialAction\":[{\"@type\":\"ReadAction\",\"target\":[\"https:\/\/hapmaastricht.nl\/sv\/vanliga-fr\u00e5gor\/nar-lakaren-kan-kora-med-blinkande-fyr-och-siren\/\"]}]},{\"@type\":\"BreadcrumbList\",\"@id\":\"https:\/\/hapmaastricht.nl\/sv\/vanliga-fr\u00e5gor\/nar-lakaren-kan-kora-med-blinkande-fyr-och-siren\/#breadcrumb\",\"itemListElement\":[{\"@type\":\"ListItem\",\"position\":1,\"name\":\"Home\",\"item\":\"https:\/\/hapmaastricht.nl\/sv\/\"},{\"@type\":\"ListItem\",\"position\":2,\"name\":\"FAQs\",\"item\":\"https:\/\/hapmaastricht.nl\/sv\/vanliga-fr\u00e5gor\/\"},{\"@type\":\"ListItem\",\"position\":3,\"name\":\"N\u00e4r kan l\u00e4karen k\u00f6ra med ett blinkande ljus och en siren?\"}]},{\"@type\":\"WebSite\",\"@id\":\"https:\/\/hapmaastricht.nl\/sv\/#website\",\"url\":\"https:\/\/hapmaastricht.nl\/sv\/\",\"name\":\"L\u00e4karens akutpost Maastricht\",\"description\":\"\",\"potentialAction\":[{\"@type\":\"SearchAction\",\"target\":{\"@type\":\"EntryPoint\",\"urlTemplate\":\"https:\/\/hapmaastricht.nl\/sv\/?s={search_term_string}\"},\"query-input\":{\"@type\":\"PropertyValueSpecification\",\"valueRequired\":true,\"valueName\":\"search_term_string\"}}],\"inLanguage\":\"sv-SE\"}]}<\/script>\n<!-- \/ Yoast SEO plugin. -->","yoast_head_json":{"title":"N\u00e4r kan husl\u00e4karen k\u00f6ra med blinkande ljus och sirener? - L\u00e4karens akutpost Maastricht","robots":{"index":"index","follow":"follow","max-snippet":"max-snippet:-1","max-image-preview":"max-image-preview:large","max-video-preview":"max-video-preview:-1"},"canonical":"https:\/\/hapmaastricht.nl\/sv\/vanliga-fr\u00e5gor\/nar-lakaren-kan-kora-med-blinkande-fyr-och-siren\/","og_locale":"sv_SE","og_type":"article","og_title":"N\u00e4r kan husl\u00e4karen k\u00f6ra med blinkande ljus och sirener? - L\u00e4karens akutpost Maastricht","og_description":"F\u00f6rarna till den vaktande l\u00e4karen kan anv\u00e4nda blinkande lampor och sirener om det finns en n\u00f6dresa i h\u00e4ndelse av en livshotande situation. Detta inneb\u00e4r en resa d\u00e4r l\u00e4karen beh\u00f6ver komma till en patient s\u00e5 snart som m\u00f6jligt. I princip, precis som f\u00f6r ambulanser, anv\u00e4nds en tid p\u00e5 15 minuter.","og_url":"https:\/\/hapmaastricht.nl\/sv\/vanliga-fr\u00e5gor\/nar-lakaren-kan-kora-med-blinkande-fyr-och-siren\/","og_site_name":"L\u00e4karens akutpost Maastricht","article_modified_time":"2025-07-10T07:55:55+00:00","twitter_card":"summary_large_image","twitter_misc":{"Ber\u00e4knad l\u00e4stid":"1 minut"},"schema":{"@context":"https:\/\/schema.org","@graph":[{"@type":"WebPage","@id":"https:\/\/hapmaastricht.nl\/sv\/vanliga-fr\u00e5gor\/nar-lakaren-kan-kora-med-blinkande-fyr-och-siren\/","url":"https:\/\/hapmaastricht.nl\/sv\/vanliga-fr\u00e5gor\/nar-lakaren-kan-kora-med-blinkande-fyr-och-siren\/","name":"N\u00e4r kan husl\u00e4karen k\u00f6ra med blinkande ljus och sirener? - L\u00e4karens akutpost Maastricht","isPartOf":{"@id":"https:\/\/hapmaastricht.nl\/sv\/#website"},"datePublished":"2023-05-02T11:55:28+00:00","dateModified":"2025-07-10T07:55:55+00:00","breadcrumb":{"@id":"https:\/\/hapmaastricht.nl\/sv\/vanliga-fr\u00e5gor\/nar-lakaren-kan-kora-med-blinkande-fyr-och-siren\/#breadcrumb"},"inLanguage":"sv-SE","potentialAction":[{"@type":"ReadAction","target":["https:\/\/hapmaastricht.nl\/sv\/vanliga-fr\u00e5gor\/nar-lakaren-kan-kora-med-blinkande-fyr-och-siren\/"]}]},{"@type":"BreadcrumbList","@id":"https:\/\/hapmaastricht.nl\/sv\/vanliga-fr\u00e5gor\/nar-lakaren-kan-kora-med-blinkande-fyr-och-siren\/#breadcrumb","itemListElement":[{"@type":"ListItem","position":1,"name":"Home","item":"https:\/\/hapmaastricht.nl\/sv\/"},{"@type":"ListItem","position":2,"name":"FAQs","item":"https:\/\/hapmaastricht.nl\/sv\/vanliga-fr\u00e5gor\/"},{"@type":"ListItem","position":3,"name":"N\u00e4r kan l\u00e4karen k\u00f6ra med ett blinkande ljus och en siren?"}]},{"@type":"WebSite","@id":"https:\/\/hapmaastricht.nl\/sv\/#website","url":"https:\/\/hapmaastricht.nl\/sv\/","name":"L\u00e4karens akutpost Maastricht","description":"","potentialAction":[{"@type":"SearchAction","target":{"@type":"EntryPoint","urlTemplate":"https:\/\/hapmaastricht.nl\/sv\/?s={search_term_string}"},"query-input":{"@type":"PropertyValueSpecification","valueRequired":true,"valueName":"search_term_string"}}],"inLanguage":"sv-SE"}]}},"_links":{"self":[{"href":"https:\/\/hapmaastricht.nl\/sv\/wp-json\/wp\/v2\/faq\/2110","targetHints":{"allow":["GET"]}}],"collection":[{"href":"https:\/\/hapmaastricht.nl\/sv\/wp-json\/wp\/v2\/faq"}],"about":[{"href":"https:\/\/hapmaastricht.nl\/sv\/wp-json\/wp\/v2\/types\/faq"}],"version-history":[{"count":1,"href":"https:\/\/hapmaastricht.nl\/sv\/wp-json\/wp\/v2\/faq\/2110\/revisions"}],"predecessor-version":[{"id":9200,"href":"https:\/\/hapmaastricht.nl\/sv\/wp-json\/wp\/v2\/faq\/2110\/revisions\/9200"}],"wp:attachment":[{"href":"https:\/\/hapmaastricht.nl\/sv\/wp-json\/wp\/v2\/media?parent=2110"}],"wp:term":[{"taxonomy":"question_type","embeddable":true,"href":"https:\/\/hapmaastricht.nl\/sv\/wp-json\/wp\/v2\/question_type?post=2110"}],"curies":[{"name":"wp","href":"https:\/\/api.w.org\/{rel}","templated":true}]}}

https://hapmaastricht.nl/sv/vanliga-frågor/nar-kan-doktorn-kora-med-blinkande-ljus-och-siren/

När kan husläkaren köra med blinkande ljus och sirener?

<p>Förarna av den tjänstgörande läkaren kan använda blinkande ljus och siren om det finns en nödkörning i en livshotande situation. Detta innebär en resa där allmänläkaren måste vara med en patient så snabbt som möjligt. I princip används en tid på 15 minuter, precis som för ambulanser.</p>

<p>Förarna till den vaktande läkaren kan använda blinkande lampor och sirener om det finns en nödresa i händelse av en livshotande situation. Detta innebär en resa där läkaren behöver komma till en patient så snart som möjligt. I princip, precis som för ambulanser, används en tid på 15 minuter.</p>

<!-- This site is optimized with the Yoast SEO plugin v26.6 - https://yoast.com/wordpress/plugins/seo/ -->
<title>När kan husläkaren köra med blinkande ljus och sirener? - Läkarens akutpost Maastricht</title>
<meta name="robots" content="index, follow, max-snippet:-1, max-image-preview:large, max-video-preview:-1" />
<link rel="canonical" href="https://hapmaastricht.nl/sv/vanliga-frågor/nar-lakaren-kan-kora-med-blinkande-fyr-och-siren/" />
<meta property="og:locale" content="sv_SE" />
<meta property="og:type" content="article" />
<meta property="og:title" content="När kan husläkaren köra med blinkande ljus och sirener? - Läkarens akutpost Maastricht" />
<meta property="og:description" content="Förarna till den vaktande läkaren kan använda blinkande lampor och sirener om det finns en nödresa i händelse av en livshotande situation. Detta innebär en resa där läkaren behöver komma till en patient så snart som möjligt. I princip, precis som för ambulanser, används en tid på 15 minuter." />
<meta property="og:url" content="https://hapmaastricht.nl/sv/vanliga-frågor/nar-lakaren-kan-kora-med-blinkande-fyr-och-siren/" />
<meta property="og:site_name" content="Läkarens akutpost Maastricht" />
<meta property="article:modified_time" content="2025-07-10T07:55:55+00:00" />
<meta name="twitter:card" content="summary_large_image" />
<meta name="twitter:label1" content="Beräknad lästid" />
	<meta name="twitter:data1" content="1 minut" />
<script type="application/ld+json" class="yoast-schema-graph">{"@context":"https://schema.org","@graph":[{"@type":"WebPage","@id":"https://hapmaastricht.nl/sv/vanliga-frågor/nar-lakaren-kan-kora-med-blinkande-fyr-och-siren/","url":"https://hapmaastricht.nl/sv/vanliga-frågor/nar-lakaren-kan-kora-med-blinkande-fyr-och-siren/","name":"När kan husläkaren köra med blinkande ljus och sirener? - Läkarens akutpost Maastricht","isPartOf":{"@id":"https://hapmaastricht.nl/sv/#website"},"datePublished":"2023-05-02T11:55:28+00:00","dateModified":"2025-07-10T07:55:55+00:00","breadcrumb":{"@id":"https://hapmaastricht.nl/sv/vanliga-frågor/nar-lakaren-kan-kora-med-blinkande-fyr-och-siren/#breadcrumb"},"inLanguage":"sv-SE","potentialAction":[{"@type":"ReadAction","target":["https://hapmaastricht.nl/sv/vanliga-frågor/nar-lakaren-kan-kora-med-blinkande-fyr-och-siren/"]}]},{"@type":"BreadcrumbList","@id":"https://hapmaastricht.nl/sv/vanliga-frågor/nar-lakaren-kan-kora-med-blinkande-fyr-och-siren/#breadcrumb","itemListElement":[{"@type":"ListItem","position":1,"name":"Home","item":"https://hapmaastricht.nl/sv/"},{"@type":"ListItem","position":2,"name":"FAQs","item":"https://hapmaastricht.nl/sv/vanliga-frågor/"},{"@type":"ListItem","position":3,"name":"När kan läkaren köra med ett blinkande ljus och en siren?"}]},{"@type":"WebSite","@id":"https://hapmaastricht.nl/sv/#website","url":"https://hapmaastricht.nl/sv/","name":"Läkarens akutpost Maastricht","description":"","potentialAction":[{"@type":"SearchAction","target":{"@type":"EntryPoint","urlTemplate":"https://hapmaastricht.nl/sv/?s={search_term_string}"},"query-input":{"@type":"PropertyValueSpecification","valueRequired":true,"valueName":"search_term_string"}}],"inLanguage":"sv-SE"}]}</script>
<!-- / Yoast SEO plugin. -->

När kan husläkaren köra med blinkande ljus och sirener? - Läkarens akutpost Maastricht

https://hapmaastricht.nl/sv/vanliga-frågor/nar-lakaren-kan-kora-med-blinkande-fyr-och-siren/

Förarna till den vaktande läkaren kan använda blinkande lampor och sirener om det finns en nödresa i händelse av en livshotande situation. Detta innebär en resa där läkaren behöver komma till en patient så snart som möjligt. I princip, precis som för ambulanser, används en tid på 15 minuter.

Läkarens akutpost Maastricht

https://hapmaastricht.nl/sv/vanliga-frågor/nar-lakaren-kan-kora-med-blinkande-fyr-och-siren/#breadcrumb

https://hapmaastricht.nl/sv/vanliga-frågor/

När kan läkaren köra med ett blinkande ljus och en siren?
